1 - 271. What is the units digit of s?
0
Suppose 2*h = -0*h. Suppose h = -2*f + 4*f - 64. What is the tens digit of f?
3
What is the hundreds digit of 2391 + 40 + (-3)/(3 - 0)?
4
Suppose 0*x + 4*x - 248 = 0. Suppose 15*v = 16*v - x. What is the tens digit of v?
6
Let b(h) = h**3 + 3*h**2 - 4*h + 21. What is the units digit of b(5)?
1
Suppose 2*q = -0*q + 18. Suppose 2 = -p + 3*c - q, -2*p + c - 2 = 0. What is the units digit of p?
1
Let j = 385 + -229. Suppose 0 = -4*i + 37 + 59. What is the tens digit of 2032/26 - i/j?
7
Suppose 0 = 5*d - 4*d - 122. Let c = 177 - d. What is the units digit of c?
5
What is the units digit of (-58366)/(-126) - 6/27?
3
Let v = 28 - 22. Suppose -3*s = -5*k - 320, s + v*k - 104 = 5*k. What is the hundreds digit of s?
1
Suppose 5*p + 2 = 4*p. Suppose 0 = -x - 2*x + 6. What is the units digit of 1 - ((4 - x) + p)?
1
Let w(p) = -p**3 - 6*p**2 - p - 5. Let v be w(-6). Let h be -1 + v + 4/2. Suppose h - 30 = -2*y. What is the tens digit of y?
1
Suppose -3*g + 408 = 2*g + 4*y, -2*y + 324 = 4*g. Suppose -p = -6*p + g. Let t = 17 + p. What is the units digit of t?
3
Let n(x) = 2 - x - 10*x - 8*x. Suppose 3*i = 3*g + 2*i + 2, g = 5*i + 18. What is the units digit of n(g)?
0
Let z(w) = -3*w**3 + 5*w**2 + 2*w. Let s be z(-4). Suppose 4*r - 2*r + s = 0. What is the units digit of 5*(-3 - r/20)?
8
Let c = -87 - -89. Suppose -3 = c*t - 1, -5*o - 4*t = -576. What is the tens digit of o?
1
Suppose 0 = -5*v - 2*g + 20, 5*g = -2*v + 3*g + 2. Let p be (0 - (-3)/v)*-30. Let n = 31 + p. What is the tens digit of n?
1
Suppose 0 = -184*s + 154*s + 43050. What is the thousands digit of s?
1
Suppose 2*n + 200 = 7*n. Suppose 0 = -w + 22 + n. What is the units digit of w?
2
Let b = 134 - 131. Let s(d) be the third derivative of d**5/20 - d**4/6 + d**2. What is the units digit of s(b)?
5
What is the tens digit of (-1 - -6) + 1355*12/30?
4
Let d = 75 + 168. What is the hundreds digit of d?
2
Let j(c) = 22*c**2 - 25*c + 27. What is the units digit of j(6)?
9
Suppose 4*p + 3*l - 8473 = 0, 2*l = 132*p - 135*p + 6355. What is the tens digit of p?
1
Suppose -3*r + 228 = -b + 4*b, 0 = -3*r - b + 236. Suppose -5*a = 2*w - 830, -3*a + 2*w = -418 - r. What is the units digit of a?
6
Let s(p) = 3*p**2 + 2*p - 3. Let g be s(-8). Let d = -118 + g. What is the units digit of d?
5
Let c(g) = -g**3 - 44*g**2 + 119*g - 24. What is the units digit of c(-47)?
0
Let u(m) = m + 7. Let r be u(-7). Suppose r = -7*n + 2*n + 590. What is the hundreds digit of n?
1
Suppose 5*w = 3*s - 8*s + 3905, 2*w = -s + 1560. What is the units digit of w?
9
Let p = 1264 + -877. What is the tens digit of p?
8
Suppose -8 = -2*v - 0. Let g = -22 + v. What is the units digit of (-278)/(-12) - (-3)/g?
3
Let u(k) = 7*k + 96. What is the tens digit of u(19)?
2
Let r = 23 + -28. Let b = r + 20. What is the tens digit of b?
1
Let h(v) = 48*v**2 - 36*v - 165. What is the tens digit of h(-5)?
1
Let t(d) = -84*d + 6. What is the tens digit of t(-3)?
5
Suppose -3*r + 1531 = p, 5*r + 4*p - 881 = 1673. What is the units digit of 60/75*r/4?
2
Suppose 17*w - 551 - 2526 = 0. What is the tens digit of w?
8
Let a be (4/(-12))/(1/(-6)). Suppose -a*z - 2*z = -16. Suppose 0 = -z*k - 3 - 13, 5*n - 5*k = 245. What is the units digit of n?
5
Let s = -226 + 51. Let l = s - -296. What is the units digit of l?
1
Let l(w) = w**3 + w**2 - 7*w + 1. Suppose -9 = 5*b + 6. Let s = 1 - b. What is the tens digit of l(s)?
5
Suppose -10*r + 14446 = -17934. What is the tens digit of r?
3
Let p(d) = -d**3 - 6*d**2 - 7*d - 16. What is the tens digit of p(-10)?
5
Suppose -3*a - 1229 - 1066 = 0. What is the units digit of a/(-12) + (-1)/(-4)?
4
Let s be 2/8 + (-175)/(-20). Let g(x) be the third derivative of x**4/12 - 4*x**3/3 - x**2. What is the tens digit of g(s)?
1
What is the hundreds digit of 3 + (-4)/((-32)/4952)?
6
Let u(w) = 8*w - 12. Suppose -2*r + 67 = 5*m + 14, 5*m - 57 = -3*r. What is the tens digit of u(m)?
6
Suppose -120 = -4*f + 356. Suppose 4*j + 328 = 5*q, 2*j + 150 = 2*q - 3*q. Let p = j + f. What is the tens digit of p?
4
Let x be (3 + (1 - 4))/(-1). Suppose 3*c + x + 3 = 0. What is the units digit of 25 + -10 - (0 - c)?
4
Let m = 269 - -24. What is the units digit of m?
3
Let y = -509 + 645. What is the units digit of y?
6
What is the hundreds digit of -26*10*(3 - 6)?
7
Let j(z) = -5*z**2 + 6*z. Let g(s) = -s**2 - 3. Let b be g(0). Let m be j(b). Let q = -11 - m. What is the units digit of q?
2
Let o(u) be the third derivative of u**5/60 + u**4/24 + 3*u**3/2 + 15*u**2. Let q be (0 - -1) + (-4 - 3). What is the units digit of o(q)?
9
Suppose -4*x + 13712 = -4*z + 124, 0 = 3*z. What is the tens digit of x?
9
Let h be -30*33*(-6)/(-45). Let y be 7/(2 + h/68). Let m = y + -68. What is the tens digit of m?
5
Suppose -q + 436 + 1645 = 0. What is the hundreds digit of q?
0
Let c(b) = b**2 - 4*b + 8. Let d(u) = -u**2 - 7*u - 4. Let n be d(-6). Let k = n + 4. What is the tens digit of c(k)?
2
Let j(k) = -k**3 - 19*k**2 - 17*k + 32. Let u be j(-18). Let b(y) = 7*y - 15. What is the units digit of b(u)?
3
What is the tens digit of ((-126)/(-12))/7*(-2404)/(-6)?
0
Let m(j) = -j. Let f(i) = -65*i - 3. Let h(g) = -f(g) + 6*m(g). What is the units digit of h(1)?
2
Let i be (-4)/(-14) - 216/(-28). Suppose -i + 4 = -2*v. What is the units digit of v?
2
What is the tens digit of 1297/4 + 7/(28/3)?
2
Let v(b) = b**3 + b**2 - b + 255. What is the tens digit of v(0)?
5
What is the tens digit of ((-1942 - 7) + 8)*-1?
4
Let t = 1592 + -799. What is the tens digit of t?
9
Let k be 6/(9/(-24)*-2). Let p(b) be the second derivative of b**4/12 - 4*b**3/3 + 4*b**2 - 3*b. What is the units digit of p(k)?
8
Let w(p) = -p**2 - 3*p + 5. Let c be w(-3). Suppose 313 = 4*f + 5*k, 3*k - 492 = -c*f - 91. What is the tens digit of f?
8
Let i(j) = 11*j - 1. Let l(f) = 1. Let k(b) = i(b) + 4*l(b). What is the tens digit of k(2)?
2
Let c be 468/(-6)*(-1)/2. Suppose 29*u + 2820 = c*u. What is the units digit of u?
2
Suppose -2*c = -18 + 2. Let v be (2/(-3))/(c/204). Let l = 47 + v. What is the tens digit of l?
3
Let v = -298 + 144. Let s = 369 + v. Let b = s + -152. What is the tens digit of b?
6
Let i = 88 + -31. Let s = i - 27. What is the tens digit of s?
3
Suppose -6 = -2*v + 4*x, 3*x + 8 = 3*v - 1. Suppose n + 165 = q, 0 = 2*q - 8*n + v*n - 324. What is the hundreds digit of q?
1
Let s be (-60)/45*(-9)/2. Suppose 6*p - s = 4*p. Suppose p*d - 107 = -14. What is the units digit of d?
1
Suppose c = 6*c, 0 = 2*a + 2*c - 54. Suppose -3*z = 4*h - 69, 5*z + h - a - 88 = 0. Suppose z*b = 27*b - 136. What is the tens digit of b?
3
Let q = -10 + 12. Suppose z + q = 2*z + 4*o, 4*z + 5*o = 8. What is the units digit of (z/4)/((-2)/(-24))?
6
Let q be 43 - (2 - (-1)/(-1)). Let y(j) = -j + 7. Let t be y(7). Suppose -3*v - 5*i + 47 = 0, 2*i + q = 2*v - t*i. What is the tens digit of v?
1
Let x be 1 - (-7)/((-14)/(-4)). Let h(l) = -3*l + 4. Let t(k) = -k + 2. Let g(w) = -4*h(w) + 7*t(w). What is the tens digit of g(x)?
1
Let v be ((-42)/(-8))/((-16)/(-1472)). Suppose 0 = -3*i - 12 + v. Suppose -i = -4*f - 3*l, 4*l + 96 = 2*f + 2*l. What is the units digit of f?
3
What is the units digit of 31690/26 - 0 - (-416)/2704?
9
Let z = 17 - 17. Suppose a - 5 - 30 = z. Let u = a - 14. What is the units digit of u?
1
Let q(n) = -n**3 - n**2 - n + 1. Let c(d) = -2*d**3 - 21*d**2 + d + 20. Let j(g) = -c(g) + q(g). What is the units digit of j(-20)?
1
Suppose 6*a + 4 = 2*a. What is the units digit of ((-14)/(-5))/((-30)/(-25) + a)?
4
Suppose 3035 - 851 = 6*q. What is the units digit of q?
4
Suppose -3*z + 4*j + 10423 = 0, -5*z + 13*j = 9*j - 17377. What is the tens digit of z?
7
Let d(v) = 17*v - 26. What is the tens digit of d(20)?
1
Suppose 3*j = 5 + 4. Suppose 0 = -j*p - 20 + 119. Let m = p - 9. What is the tens digit of m?
2
Let q(f) = -f**3 - 4*f**2 - 4*f. Let k be q(-3). Suppose -15 = -k*x - 3. Suppose -w + 21 = 4*t, x*t = -4*w - w + 41. What is the units digit of t?
4
Let b(c) = 531*c**2 + 6*c + 1. Let f be b(-1). Suppose 0 = -4*m + 16, 0*j - f = -5*j - 4*m. What is the hundreds digit of j?
1
Let h(n) = n**2 + 4. Let u be h(0). Suppose 2*p - 19*p + 1241 = 0. Suppose u*d - p = -13. What is the units digit of d?
5
Suppose d + 4*d - 25 = 0. Let a(p) = p**2 + 12